{"id":60,"date":"2013-08-10T14:56:27","date_gmt":"2013-08-10T12:56:27","guid":{"rendered":"http:\/\/fineartfotos.at\/?page_id=60"},"modified":"2019-04-10T16:45:58","modified_gmt":"2019-04-10T14:45:58","slug":"kontakt","status":"publish","type":"page","link":"http:\/\/fineartfotos.at\/?page_id=60","title":{"rendered":"Impressum\/DSGVO"},"content":{"rendered":"<p>DI (FH) Chrisian Demetrescu, Vollfotograf<\/p>\n<p>Spezialisiert auf Akt- und Portraitfotografie<\/p>\n<p>Kontakt:<br \/>\noffice@fineartfotos.at<br \/>\n+43 676 406 56 13<br \/>\nACHTUNG \u2013 TERMINE NUR NACH VEREINBARUNG, KEINE Passbilder<br \/>\nFotograf\/Meisterbetrieb<\/p>\n<p>&nbsp;<\/p>\n<p>Hinweis gem\u00e4\u00df DSGVO<\/p>\n<p>Der Betreiber dieser Weibseite Christian Demetrescu\/finartfotos.at &#8211; im folgenden nur fineartfotos genannt &#8211; sammelt und wertet beim Besuch dieser Webseite keine wie auch immer gearteten pers\u00f6nlichen Daten aus.<\/p>\n<p>F\u00fcr die Rechnungslegung notwendige Daten wie<\/p>\n<ul>\n<li>Name<\/li>\n<li>Anschrift<\/li>\n<li>Verrechnungsdetails<\/li>\n<\/ul>\n<p>werden gem\u00e4\u00df den nationalen Steuergesetzen verarbeitet und aufbewahrt und k\u00f6nnen im Rahmen dieser auf Anfrage ausschlie\u00dflich den Finanzbeh\u00f6rden \u00fcbergeben werden. Eine dar\u00fcber hinausgehende Datenverarbeitung findet nicht statt.<\/p>\n<p>F\u00fcr die fotographsiche Dienstleistung notwendige Daten (Bilder sowie Kontaktdaten) werden gem\u00e4\u00df dem individuell veranbarten Vertrag verarbeitet und verbreitet.<\/p>\n","protected":false},"excerpt":{"rendered":"<p>DI (FH) Chrisian Demetrescu, Vollfotograf Spezialisiert auf Akt- und Portraitfotografie Kontakt: office@fineartfotos.at +43 676 406 56 13 ACHTUNG \u2013 TERMINE NUR NACH VEREINBARUNG, KEINE Passbilder Fotograf\/Meisterbetrieb &nbsp; Hinweis gem\u00e4\u00df DSGVO Der Betreiber dieser Weibseite Christian Demetrescu\/finartfotos.at &#8211; im folgenden nur fineartfotos genannt &#8211; sammelt und wertet beim Besuch dieser Webseite keine wie auch immer gearteten [&hellip;]<\/p>\n","protected":false},"author":1,"featured_media":0,"parent":0,"menu_order":0,"comment_status":"closed","ping_status":"open","template":"","meta":[],"_links":{"self":[{"href":"http:\/\/fineartfotos.at\/index.php?rest_route=\/wp\/v2\/pages\/60"}],"collection":[{"href":"http:\/\/fineartfotos.at\/index.php?rest_route=\/wp\/v2\/pages"}],"about":[{"href":"http:\/\/fineartfotos.at\/index.php?rest_route=\/wp\/v2\/types\/page"}],"author":[{"embeddable":true,"href":"http:\/\/fineartfotos.at\/index.php?rest_route=\/wp\/v2\/users\/1"}],"replies":[{"embeddable":true,"href":"http:\/\/fineartfotos.at\/index.php?rest_route=%2Fwp%2Fv2%2Fcomments&post=60"}],"version-history":[{"count":12,"href":"http:\/\/fineartfotos.at\/index.php?rest_route=\/wp\/v2\/pages\/60\/revisions"}],"predecessor-version":[{"id":171,"href":"http:\/\/fineartfotos.at\/index.php?rest_route=\/wp\/v2\/pages\/60\/revisions\/171"}],"wp:attachment":[{"href":"http:\/\/fineartfotos.at\/index.php?rest_route=%2Fwp%2Fv2%2Fmedia&parent=60"}],"curies":[{"name":"wp","href":"https:\/\/api.w.org\/{rel}","templated":true}]}}

<p>DI (FH) Chrisian Demetrescu, Vollfotograf</p>
<p>Spezialisiert auf Akt- und Portraitfotografie</p>
<p>Kontakt:<br />
office@fineartfotos.at<br />
+43 676 406 56 13<br />
ACHTUNG – TERMINE NUR NACH VEREINBARUNG, KEINE Passbilder<br />
Fotograf/Meisterbetrieb</p>
<p>&nbsp;</p>
<p>Hinweis gemäß DSGVO</p>
<p>Der Betreiber dieser Weibseite Christian Demetrescu/finartfotos.at &#8211; im folgenden nur fineartfotos genannt &#8211; sammelt und wertet beim Besuch dieser Webseite keine wie auch immer gearteten persönlichen Daten aus.</p>
<p>Für die Rechnungslegung notwendige Daten wie</p>
<ul>
<li>Name</li>
<li>Anschrift</li>
<li>Verrechnungsdetails</li>
</ul>
<p>werden gemäß den nationalen Steuergesetzen verarbeitet und aufbewahrt und können im Rahmen dieser auf Anfrage ausschließlich den Finanzbehörden übergeben werden. Eine darüber hinausgehende Datenverarbeitung findet nicht statt.</p>
<p>Für die fotographsiche Dienstleistung notwendige Daten (Bilder sowie Kontaktdaten) werden gemäß dem individuell veranbarten Vertrag verarbeitet und verbreitet.</p>

<p>DI (FH) Chrisian Demetrescu, Vollfotograf Spezialisiert auf Akt- und Portraitfotografie Kontakt: office@fineartfotos.at +43 676 406 56 13 ACHTUNG – TERMINE NUR NACH VEREINBARUNG, KEINE Passbilder Fotograf/Meisterbetrieb &nbsp; Hinweis gemäß DSGVO Der Betreiber dieser Weibseite Christian Demetrescu/finartfotos.at &#8211; im folgenden nur fineartfotos genannt &#8211; sammelt und wertet beim Besuch dieser Webseite keine wie auch immer gearteten [&hellip;]</p>
